?
True
Is 21928099 composite?
False
Is 3393409 a prime number?
True
Is 14935567 a composite number?
True
Is 7227869 prime?
False
Is 192018623 a composite number?
False
Is 26669 prime?
True
Is 159331519 prime?
False
Is 356524169 a prime number?
True
Is 3623038 composite?
True
Is 45549227 a composite number?
True
Is 9361043 prime?
False
Is 67116107 a prime number?
True
Is 38164057 a prime number?
False
Is 6647479 a composite number?
True
Is 1050061 a composite number?
True
Is 130050489 composite?
True
Is 9556243 a composite number?
False
Is 76089283 composite?
True
Is 20429249 a prime number?
True
Is 8891783 a composite number?
False
Is 673335349 prime?
True
Is 279869 prime?
False
Is 4675751 a prime number?
True
Is 105677515 a prime number?
False
Is 4688393 a prime number?
True
Is 117908773 a prime number?
False
Is 4119857515 a prime number?
False
Is 1142389 a composite number?
False
Is 15303471 prime?
False
Is 72569995 a prime number?
False
Is 440503627 prime?
False
Is 817546967 a composite number?
False
Is 4992809 a prime number?
True
Is 177604309 a composite number?
True
Is 44664619 a composite number?
False
Is 32337463 composite?
False
Is 273193411 composite?
False
Is 42203869 composite?
True
Is 4379927 composite?
True
Is 113717 prime?
True
Is 257508569 prime?
True
Is 882168361 a prime number?
True
Is 8120717 prime?
False
Is 19143731 composite?
True
Is 2972809 a prime number?
False
Is 44845631 a prime number?
True
Is 12707603 a prime number?
True
Is 20286339 a composite number?
True
Is 74045893 prime?
True
Is 14073487 composite?
False
Is 305717 a prime number?
True
Is 3441101 prime?
True
Is 238068437 a prime number?
False
Is 10403923 prime?
False
Is 24265957 composite?
True
Is 3788111 a prime number?
True
Is 8014829 a prime number?
False
Is 80018869 a composite number?
True
Is 22119023 composite?
True
Is 626317 prime?
True
Is 1015571917 a composite number?
False
Is 17980331 a prime number?
True
Is 38389397 composite?
False
Is 405107 a composite number?
True
Is 1140487 composite?
False
Is 7705519 a composite number?
False
Is 674281 prime?
False
Is 71853997 a prime number?
False
Is 382326001 a prime number?
True
Is 22411003 a prime number?
True
Is 11436859 a prime number?
False
Is 1082035177 a prime number?
True
Is 72835877 a composite number?
False
Is 141221 a composite number?
False
Is 5983903 prime?
True
Is 574380167 composite?
False
Is 2111251 a composite number?
False
Is 1233691 composite?
True
Is 22148387 prime?
True
Is 13385269 prime?
False
Is 1763291 a prime number?
False
Is 3735161 a composite number?
False
Is 313866139 prime?
True
Is 1887091 a composite number?
False
Is 16219543 prime?
True
Is 56169031 a composite number?
True
Is 153637901 a composite number?
True
Is 270636869 prime?
True
Is 1756463 a prime number?
True
Is 6841517 prime?
True
Is 225580411 a composite number?
True
Is 5741689 a prime number?
True
Is 445363 a prime number?
True
Is 20837409 a composite number?
True
Is 209931107 a prime number?
False
Is 312860663 composite?
False
Is 7468171 a composite number?
True
Is 36974081 composite?
False
Is 1355169689 composite?
False
Is 7214245 prime?
False
Is 2554169 a composite number?
True
Is 112639 prime?
False
Is 65596603 a prime number?
True
Is 750385 a prime number?
False
Is 6538769 prime?
False
Is 4450261 composite?
False
Is 32147741 a prime number?
True
Is 8999651 a prime number?
True
Is 1978547 prime?
False
Is 326327 a composite number?
True
Is 6354901 a prime number?
False
Is 15643241 composite?
True
Is 18878317 a prime number?
False
Is 21560317 a prime number?
True
Is 8924189 a prime number?
True
Is 745373 composite?
True
Is 9428851 composite?
False
Is 1106246 prime?
False
Is 347533 a prime number?
True
Is 5662619 prime?
True
Is 106529429 prime?
False
Is 625129 a composite number?
False
Is 79698049 prime?
False
Is 1485347 prime?
True
Is 2379389 a composite number?
True
Is 177972637 a prime number?
True
Is 130952089 composite?
False
Is 1541429 prime?
True
Is 1282522 a prime number?
False
Is 44788371 a composite number?
True
Is 179377817 a prime number?
True
Is 25708217 composite?
True
Is 17430295 a composite number?
True
Is 47024801 a composite number?
False
Is 15981541 composite?
False
Is 78108061 prime?
False
Is 110832413 prime?
True
Is 818509 a composite number?
False
Is 8562979 prime?
True
Is 106378969 prime?
False
Is 27888617 a composite number?
False
Is 49744437 composite?
True
Is 161594669 a prime number?
False
Is 74063 a composite number?
True
Is 222487747 prime?
True
Is 549731509 composite?
False
Is 23672587 a composite number?
True
Is 7944718 composite?
True
Is 332683601 a composite number?
False
Is 15713903 a prime number?
False
Is 638893 composite?
False
Is 532469827 prime?
False
Is 11027779 prime?
False
Is 62453571 a composite number?
True
Is 66129247 a composite number?
False
Is 4662143 composite?
True
Is 24218243 a prime number?
False
Is 127837 a composite number?
False
Is 2734183 prime?
False
Is 670811 composite?
False
Is 9193607 prime?
True
Is 19062037 composite?
False
Is 15084319 prime?
True
Is 196740809 a prime number?
True
Is 5339039 prime?
True
Is 4476247 prime?
True
Is 32006606 a composite number?
True
Is 46322603 composite?
True
Is 47540357 a prime number?
False
Is 1731701 prime?
True
Is 147436163 composite?
True
Is 11339381 composite?
False
Is 2984521 a composite number?
False
Is 983923 composite?
False
Is 5425163 a prime number?
False
Is 552849787 composite?
True
Is 21231877 a composite number?
False
Is 26055199 a composite number?
True
Is 657020467 a composite number?
True
Is 66765419 a composite number?
True
Is 44111 composite?
False
Is 126074881 composite?
False
Is 71370983 a prime number?
True
Is 27615851 a composite number?
False
Is 26014529 a composite number?
True
Is 1723759 prime?
False
Is 15299407 a prime number?
False
Is 5502793 prime?
True
Is 373347593 composite?
True
Is 71271383 prime?
True
Is 92809291 composite?
False
Is 5105327 composite?
False
Is 717191 a prime number?
True
Is 65578439 a composite number?
False
Is 9430607 a composite number?
False
Is 310442953 a composite number?
False
Is 7638511 prime?
False
Is 4391609 a composite number?
False
Is 31078079 prime?
True
Is 8475961 a composite number?
True
Is 11128322 composite?
True
Is 118165543 prime?
True
Is 40934471 prime?
True
Is 218641817 prime?
False
Is 2055649 prime?
True
Is 244094485 a composite number?
True
Is 17533649 a composite number?
True
Is 681801451 composite?
False
Is 4236539 a prime number?
False
Is 40815413 composite?
True
Is 1990423 composite?
True
Is 17404559 composite?
False
Is 1461073 a prime number?
True
Is 6687741 prime?
False
Is 12064207 composite?
False
Is 843823 a prime number?
True
Is 68122211 composite?
True
Is 897317 prime?
True
Is 1836035 prime?
False
Is 7490917 a prime number?
False
Is 36304981 composite?
True
Is 76023491 prime?
True
Is 426974297 composite?
False
Is 1631563 composite?
True
Is 64655497 a prime number?
False
Is 9004159 composite?
True
Is 17448793 a prime number?
False
Is 1699427 composite?
False
Is 122939389 prime?
True
Is 860533 a composite number?
False
Is 293502863 a composite number?
False
Is 3512189 prime?
True
Is 52561043 a composite number?
True
Is 350270237 a prime number?
True
Is 2130367 composite?
False
Is 156128677 a composite number?
True
Is 238663409 a prime number?
True
Is 63757861 a composite number?
True
Is 9845741 prime?
True
Is 17959367 composite?
False
Is 2743621 a prime number?
True
Is 7808071 prime?
False
Is 136756751 composite?
False
Is 40194233 a composite number?
False
Is 111156259 a prime number?
True
Is 2454071 a composite number?
True
Is 2264497 composite?
False
Is 45427733 a prime number?
False
Is 10748303 a composite number?
False
Is 6946549 prime?
False
Is 156971 a prime number?
True
Is 151006 a composite number?
True
Is 1249399 composite?
True
Is 8382167 prime?
True
Is 417824369 composite?
True
Is 67313159 prime?
False
Is 8581327 prime?
False
Is 1823429 a composite number?
False
Is 3727999 composite?
True
Is 29815937 a composite number?
False
Is 341351 a prime number?
False
Is 26781197 a composite number?
False
Is 86068349 a composite number?
False
Is 1195891 a prime number?
True
Is 94857283 a composite number?
False
Is 38342333 prime?
True
Is 299522